).
-4
Let x(o) = -6063*o - 266751. What is x(-44)?
21
Let g(n) = -3*n**2 + 995*n + 8201. Calculate g(-8).
49
Let p(z) = -367*z + 36442. Calculate p(97).
843
Let x(m) = 2*m**3 - 68*m**2 + 705*m - 2029. Give x(15).
-4
Let w(u) = -7772*u - 202070. Determine w(-26).
2
Let o(n) = 10*n**2 - 263*n + 3021. Give o(12).
1305
Let k(v) = -105*v**3 - 3*v**2 - 7*v - 6. Determine k(2).
-872
Let o(l) = -29034*l + 725885. Calculate o(25).
35
Let k(h) = 1008*h - 43319. Give k(43).
25
Let y(x) = 18*x**2 - 828*x + 92. Calculate y(45).
-718
Let y(r) = -2554*r - 500578. What is y(-196)?
6
Let r(x) = -x**2 + 81*x - 1163. Give r(38).
471
Let v(c) = -58821*c + 352869. What is v(6)?
-57
Let w(n) = 46*n**2 + 400*n + 19. Calculate w(0).
19
Let m(q) = 3302*q - 39653. Give m(12).
-29
Let h(b) = -b**3 - 130*b**2 - 1631*b - 74. What is h(-14)?
24
Let y(h) = 5649*h - 101654. What is y(18)?
28
Let h(x) = 7623*x + 152594. Determine h(-20).
134
Let m(i) = -417*i**2 - 6241*i - 13. What is m(-15)?
-223
Let c(p) = 2*p**2 + 206*p - 2197. Calculate c(10).
63
Let p(w) = 264*w + 24669. Determine p(-93).
117
Let k(d) = 10166*d**2 + 40659*d - 13. Determine k(-4).
7
Let f(y) = 132*y - 2988. Calculate f(17).
-744
Let j(k) = k**3 - 121*k**2 + 1298*k + 170. Calculate j(109).
-920
Let h(l) = 5592*l - 54308. Calculate h(10).
1612
Let t(m) = 67*m**2 + 18000*m - 6178. Determine t(-269).
9
Let z(n) = -n**2 - 1128*n - 70522. Determine z(-66).
-430
Let s(d) = 2*d**3 - 309*d**2 + 306*d + 4. What is s(1)?
3
Let l(c) = 5926*c + 225195. Determine l(-38).
7
Let q(g) = 18*g**3 + 433*g**2 + 19*g + 120. Determine q(-24).
240
Let g(l) = 1677*l + 40255. Calculate g(-24).
7
Let y(j) = 77*j**2 - 142*j + 334. Calculate y(5).
1549
Let c(k) = 12*k**3 + 5*k**2 + 12*k + 19. Give c(-4).
-717
Let y(q) = 3776*q + 48988. What is y(-13)?
-100
Let m(v) = -v**2 - 2912*v + 827978. Calculate m(261).
-175
Let d(v) = 6*v**3 + 119*v**2 - 26*v - 111. Calculate d(-20).
9
Let x(b) = -1638*b + 84942. Determine x(52).
-234
Let s(t) = -5*t**3 - 1119*t**2 - 934*t - 9361. Calculate s(-223).
5
Let k(l) = 7*l**3 + 1084*l**2 - 36069*l - 3294. Calculate k(-183).
0
Let c(k) = -k**3 + 462*k**2 + 5633*k + 26067. Calculate c(474).
-3
Let p(l) = 20*l**2 - 2971*l - 23233. Calculate p(156).
11
Let b(p) = -5802*p - 127697. Calculate b(-22).
-53
Let y(b) = 3401*b - 27393. What is y(8)?
-185
Let y(z) = 2241*z + 2113. Calculate y(-2).
-2369
Let o(u) = -u**2 + 1088400*u + 5442017. Calculate o(-5).
-8
Let k(h) = -h**3 - 37*h**2 + 93*h + 2523. Give k(-38).
433
Let k(t) = -2051*t - 209195. Determine k(-102).
7
Let w(z) = -91066*z - 546394. Determine w(-6).
2
Let s(v) = 4*v**2 + 21136*v - 148180. What is s(7)?
-32
Let f(p) = 79*p**2 + 397*p + 1649. What is f(-4)?
1325
Let k(z) = -9753*z - 39011. What is k(-4)?
1
Let r(w) = 2*w**2 + 342*w + 5806. Give r(-19).
30
Let y(c) = -16403*c - 147685. Determine y(-9).
-58
Let i(n) = n**3 + 38*n**2 - 260*n + 5339. Determine i(-46).
371
Let l(j) = j**2 + 40834*j - 408427. What is l(10)?
13
Let t(b) = 165*b + 38246. Determine t(-233).
-199
Let r(m) = -2484*m - 82096. Give r(-33).
-124
Let t(w) = 32854*w - 919896. Give t(28).
16
Let x(s) = 2*s**2 - 1250*s - 736303. Calculate x(995).
-3
Let d(h) = -31*h**2 + 1254*h - 677. Determine d(40).
-117
Let l(k) = -k**3 - 181*k**2 - 82*k - 15021. Give l(-181).
-179
Let z(g) = 11372*g - 22754. What is z(2)?
-10
Let v(w) = -w**3 - 278*w**2 - 1101*w - 1374. Calculate v(-274).
-4
Let k(x) = -27*x**2 + 376*x + 1527. Calculate k(-4).
-409
Let j(a) = -3*a**2 + 35658*a + 142672. What is j(-4)?
-8
Let f(x) = -10734578*x - 42938319. Give f(-4).
-7
Let m(w) = -w**3 + 108*w**2 - 483*w + 90586. Give m(111).
10
Let v(z) = -z**3 + 13*z**2 - 63*z + 461. Determine v(11).
10
Let a(o) = -2*o**3 + 201*o**2 + 113*o - 303. Calculate a(101).
909
Let t(a) = -18*a**2 - 306*a - 334. Calculate t(-17).
-334
Let q(i) = 112762*i - 789334. Give q(7).
0
Let p(z) = -61623*z - 1478944. What is p(-24)?
8
Let y(f) = 2*f**3 + 104*f**2 + 981*f + 833. Calculate y(-11).
-36
Let g(m) = -m**3 - 4*m**2 + 61*m + 318. Determine g(8).
38
Let s(r) = r**3 + 412*r**2 + 5969*r + 5496. Determine s(-397).
-62
Let g(j) = -j**2 - 537*j - 65764. Calculate g(-348).
8
Let j(m) = 2*m**2 + 716*m + 3435. Calculate j(-352).
-789
Let t(j) = -6871*j - 13788. Determine t(-2).
-46
Let h(v) = 11*v**3 + 182*v**2 - 89*v - 71. What is h(-17)?
-3
Let i(l) = l**3 + 6*l**2 - 92*l - 391. Give i(-4).
9
Let o(i) = 16966*i + 288463. Give o(-17).
41
Let g(y) = 154*y - 536. Determine g(0).
-536
Let l(o) = 71*o**3 - 16*o**2 + 8*o + 59. Calculate l(2).
579
Let s(m) = -m**3 + 19*m**2 + 465*m + 6. What is s(33)?
105
Let m(z) = -z**3 - 217*z**2 - 7744*z - 57. What is m(-172)?
631
Let x(s) = s**3 + 42*s**2 + 418*s - 216. Determine x(-26).
-268
Let i(p) = -1834*p - 56900. Calculate i(-31).
-46
Let d(t) = -28*t**2 + 149*t + 94. Calculate d(-4).
-950
Let g(p) = p**3 - 73*p**2 + 579*p - 211. Calculate g(64).
-19
Let p(m) = 2*m**2 + 370*m - 4987. What is p(13)?
161
Let t(d) = -237*d - 3434. What is t(-15)?
121
Let a(r) = -3254*r + 3347. Determine a(1).
93
Let l(o) = 1152*o - 236002. Determine l(205).
158
Let c(h) = h**2 + 16925*h + 33849. Give c(-2).
3
Let s(v) = -163055*v - 978356. Calculate s(-6).
-26
Let x(g) = -29*g**3 - 12*g**2 + 58*g - 12. Calculate x(3).
-729
Let y(h) = 24*h**3 + 324*h**2 + 957*h - 103. Give y(-9).
32
Let m(a) = a**2 + 54*a - 1486. What is m(-78)?
386
Let s(v) = -v**2 - 493*v - 15745. Determine s(-33).
-565
Let l(d) = -2025*d + 443487. What is l(219)?
12
Let c(t) = -3821*t - 19445. What is c(-5)?
-340
Let a(j) = 8*j**3 - 5604*j**2 + 8387*j + 753. What is a(699)?
54
Let v(c) = 242*c - 54737. Give v(227).
197
Let p(h) = -27207*h - 81650. Give p(-3).
-29
Let u(w) = -246*w + 15705. Determine u(64).
-39
Let v(u) = -3*u**3 - 44*u**2 + 54*u + 415. Calculate v(-16).
575
Let i(z) = -z**3 - 20*z**2 + 294*z + 59. What is i(10)?
-1
Let z(m) = -10998*m + 3585343. Calculate z(326).
-5
Let c(u) = 6*u**2 + 321*u + 1990. Give c(-15).
-1475
Let t(c) = -546974*c - 9298561. Give t(-17).
-3
Let k(h) = 40131*h - 642093. Determine k(16).
3
Let m(t) = 944*t + 20806. Determine m(-22).
38
Let q(j) = -6285*j - 301685. Determine q(-48).
-5
Let q(a) = 1450*a + 9891. Calculate q(-7).
-259
Let w(t) = -t**3 + 444*t**2 - 22716*t + 415. Calculate w(385).
30
Let g(b) = -169768*b - 509310. Determine g(-3).
-6
Let t(x) = -297662*x + 595341. Determine t(2).
17
Let o(c) = c**3 + 1471*c**2 - 10349*c - 56. Give o(7).
-77
Let v(z) = -235*z**3 - 489*z**2 + 488*z - 4. Give v(1).
-240
Let g(v) = v**3 + 26*v**2 + 50*v - 1650. Determine g(-13).
-103
Let i(t) = 540*t - 10098. Determine i(18).
-378
Let u(m) = 15*m**3 + 626*m**2 - 3705*m - 19. Determine u(6).
3527
Let h(f) = -f**3 - 135*f**2 + 3639*f + 800. What is h(-158)?
10
Let b(q) = -q**3 - 135*q**2 - 755*q + 2468. Determine b(-129).
17
Let l(f) = 739*f + 138953. What is l(-188)?
21
Let z(u) = 25*u**3 - 446*u**2 - 74*u + 16. Give z(18).
-20
Let j(o) = 236*o - 18178. What is j(77)?
-6
Let a(x) = 11*x**2 - 1299*x + 16050. Determine a(104).
-70
Let h(y) = -y**3 - 198*y**2 + 166*y - 6578. Determine h(-199).
-11
Let g(r) = 5*r**2 - 319*r + 7141. What is g(25)?
2291
Let z(m) = 7*m**3 + 32*m**2 + 6242*m + 24965. Calculate z(-4).
61
Let u(z) = 28310*z + 56658. Give u(-2).
38
Let q(k) = 544*k**3 - 50054*k**2 + 553*k - 114. Give q(92).
-22
Let p(h) = 21434*h - 304. Give p(0).
-304
Let x(o) = -15*o**3 - 80*o**2 - 137*o + 5. What is x(-3)?
101
Let d(g) = g**3 - 1368*g**2 + 18931*g + 383. Calculate d(14).
33
Let s(t) = -108*t**3 + t**2 - 71*t + 70. Determine s(1).
-108
Let v(b) = -b**3 - 39*b**2 - 87*b + 5900. Calculate v(-29).
13
Let r(i) = -246*i - 22410. What is r(-91)?
-24
Let o(w) = -3*w**2 - 83*w + 364. What is o(4)?
-16
Let x(p) = -p**2 + 13388*p - 5909478. Calculate x(457).
-11
Let n(o) = -o**2 - 325*o + 2087. Give n(6).
101
Let o(h) = -4*h**2 - 2700*h - 67485. Give o(-26).
11
Let q(d) = d**3 + 1144*d**2 + 36670*d + 329. Determine q(-33).
98
Let w(n) = -726724*n + 6540525. Give w(9).
9
Let z(p) = 55602*p - 278090. Calculate z(5).
-80
Let p(j) = 93*j + 4092. Determine p(-56).
-1116
Let a(y) = 3*y**2 + 1452*y - 14699. Give a(-494).
121
Let l(k) = 11538*k - 56894. Give l(5).
796
Let x(o) = -3578*o - 3617. Calculate x(-1).
-39
Let u(l) = 7*l